{"id":4348,"date":"2024-06-17T14:27:45","date_gmt":"2024-06-17T12:27:45","guid":{"rendered":"https:\/\/sameleading.com\/formation\/?post_type=product&#038;p=4348"},"modified":"2024-06-17T14:41:29","modified_gmt":"2024-06-17T12:41:29","slug":"de-zero-a-heros-en-vba-le-guide-complet-pour-excel","status":"publish","type":"product","link":"https:\/\/sameleading.com\/formation\/produit\/de-zero-a-heros-en-vba-le-guide-complet-pour-excel\/","title":{"rendered":"DE ZERO A HEROS EN VBA : Le guide complet pour Excel."},"content":{"rendered":"<p><img fetchpriority=\"high\" decoding=\"async\" src=\"https:\/\/sameleading.com\/formation\/wp-content\/uploads\/2024\/06\/SOMMAIRE-VBA_2-600x600.jpg\" alt=\"\" width=\"600\" height=\"600\" class=\"alignnone size-medium wp-image-4357\" \/><\/p>\n<p><img decoding=\"async\" src=\"https:\/\/sameleading.com\/formation\/wp-content\/uploads\/2024\/06\/SOMMAIRE-VBA_3-600x600.jpg\" alt=\"\" width=\"600\" height=\"600\" class=\"alignnone size-medium wp-image-4358\" \/><\/p>\n<p><img decoding=\"async\" src=\"https:\/\/sameleading.com\/formation\/wp-content\/uploads\/2024\/06\/SOMMAIRE-VBA_4-600x600.jpg\" alt=\"\" width=\"600\" height=\"600\" class=\"alignnone size-medium wp-image-4359\" \/><\/p>\n<p><img loading=\"lazy\" decoding=\"async\" src=\"https:\/\/sameleading.com\/formation\/wp-content\/uploads\/2024\/06\/SOMMAIRE-VBA_5-600x600.jpg\" alt=\"\" width=\"600\" height=\"600\" class=\"alignnone size-medium wp-image-4360\" \/><\/p>\n<p><img loading=\"lazy\" decoding=\"async\" src=\"https:\/\/sameleading.com\/formation\/wp-content\/uploads\/2024\/06\/SOMMAIRE-VBA_6-600x600.jpg\" alt=\"\" width=\"600\" height=\"600\" class=\"alignnone size-medium wp-image-4361\" \/><\/p>\n<p><img loading=\"lazy\" decoding=\"async\" src=\"https:\/\/sameleading.com\/formation\/wp-content\/uploads\/2024\/06\/SOMMAIRE-VBA_7-600x600.jpg\" alt=\"\" width=\"600\" height=\"600\" class=\"alignnone size-medium wp-image-4362\" \/><\/p>\n<p><img loading=\"lazy\" decoding=\"async\" src=\"https:\/\/sameleading.com\/formation\/wp-content\/uploads\/2024\/06\/SOMMAIRE-VBA_8-600x600.jpg\" alt=\"\" width=\"600\" height=\"600\" class=\"alignnone size-medium wp-image-4363\" \/><\/p>\n<p><img loading=\"lazy\" decoding=\"async\" src=\"https:\/\/sameleading.com\/formation\/wp-content\/uploads\/2024\/06\/SOMMAIRE-VBA_9-600x600.jpg\" alt=\"\" width=\"600\" height=\"600\" class=\"alignnone size-medium wp-image-4364\" \/><\/p>\n<p><img loading=\"lazy\" decoding=\"async\" src=\"https:\/\/sameleading.com\/formation\/wp-content\/uploads\/2024\/06\/SOMMAIRE-VBA_10-600x600.jpg\" alt=\"\" width=\"600\" height=\"600\" class=\"alignnone size-medium wp-image-4351\" \/><\/p>\n<p><img loading=\"lazy\" decoding=\"async\" src=\"https:\/\/sameleading.com\/formation\/wp-content\/uploads\/2024\/06\/SOMMAIRE-VBA_11-600x600.jpg\" alt=\"\" width=\"600\" height=\"600\" class=\"alignnone size-medium wp-image-4352\" \/><\/p>\n<p><img loading=\"lazy\" decoding=\"async\" src=\"https:\/\/sameleading.com\/formation\/wp-content\/uploads\/2024\/06\/SOMMAIRE-VBA_12-600x600.jpg\" alt=\"\" width=\"600\" height=\"600\" class=\"alignnone size-medium wp-image-4353\" \/><\/p>\n<p><img loading=\"lazy\" decoding=\"async\" src=\"https:\/\/sameleading.com\/formation\/wp-content\/uploads\/2024\/06\/SOMMAIRE-VBA_13-600x600.jpg\" alt=\"\" width=\"600\" height=\"600\" class=\"alignnone size-medium wp-image-4354\" \/><\/p>\n<p><img loading=\"lazy\" decoding=\"async\" src=\"https:\/\/sameleading.com\/formation\/wp-content\/uploads\/2024\/06\/SOMMAIRE-VBA_14-600x600.jpg\" alt=\"\" width=\"600\" height=\"600\" class=\"alignnone size-medium wp-image-4355\" \/><\/p>\n","protected":false},"excerpt":{"rendered":"<p><strong>De Z\u00e9ro \u00e0 H\u00e9ros en VBA : Le guide complet pour Excel.<\/strong><\/p>\n<p><em>Surmontez les d\u00e9fis d&rsquo;Excel avec VBA.<\/em><em><\/p>\n<p>Dans le monde d&rsquo;Excel, des d\u00e9fis surgissent souvent, des t\u00e2ches r\u00e9p\u00e9titives aux manipulations de donn\u00e9es complexes. C&rsquo;est l\u00e0 que VBA entre en jeu, offrant des solutions efficaces \u00e0 ces probl\u00e8mes. Imaginez-vous en train de g\u00e9rer un grand ensemble de donn\u00e9es, n\u00e9cessitant des analyses d\u00e9taill\u00e9es et des rapports personnalis\u00e9s. Avec VBA, vous pouvez automatiser ces t\u00e2ches fastidieuses, en cr\u00e9ant des macros qui ex\u00e9cutent des actions complexes en un seul clic.<\/p>\n<p>De plus, la manipulation de donn\u00e9es peut parfois \u00eatre laborieuse, surtout lorsqu&rsquo;il s&rsquo;agit de nettoyer, de filtrer ou de reformater de vastes ensembles de donn\u00e9es. VBA vous permet d&rsquo;\u00e9crire des scripts personnalis\u00e9s pour effectuer ces op\u00e9rations en quelques instants, \u00e9conomisant ainsi un temps pr\u00e9cieux et r\u00e9duisant les risques d&rsquo;erreur humaine.<\/p>\n<p>En outre, la personnalisation d&rsquo;Excel peut \u00eatre limit\u00e9e par ses fonctionnalit\u00e9s int\u00e9gr\u00e9es, mais avec VBA, les possibilit\u00e9s deviennent infinies. Vous pouvez cr\u00e9er des formulaires personnalis\u00e9s, des bo\u00eetes de dialogue interactives et des applications compl\u00e8tes pour r\u00e9pondre \u00e0 vos besoins sp\u00e9cifiques.<\/p>\n<p>En r\u00e9sum\u00e9, VBA ouvre de nouvelles perspectives dans Excel, permettant aux utilisateurs de r\u00e9soudre des probl\u00e8mes complexes, d&rsquo;automatiser des t\u00e2ches fastidieuses et de personnaliser l&rsquo;exp\u00e9rience utilisateur comme jamais auparavant. Avec une ma\u00eetrise de VBA, vous \u00eates pr\u00eat \u00e0 relever tous les d\u00e9fis qu&rsquo;Excel peut\u00a0vous\u00a0pr\u00e9senter.<\/p>\n","protected":false},"featured_media":0,"comment_status":"closed","ping_status":"closed","template":"","meta":[],"product_brand":[],"product_cat":[],"product_tag":[],"class_list":{"0":"post-4348","1":"product","2":"type-product","3":"status-publish","6":"first","7":"instock","8":"shipping-taxable","9":"product-type-simple"},"_links":{"self":[{"href":"https:\/\/sameleading.com\/formation\/wp-json\/wp\/v2\/product\/4348","targetHints":{"allow":["GET"]}}],"collection":[{"href":"https:\/\/sameleading.com\/formation\/wp-json\/wp\/v2\/product"}],"about":[{"href":"https:\/\/sameleading.com\/formation\/wp-json\/wp\/v2\/types\/product"}],"replies":[{"embeddable":true,"href":"https:\/\/sameleading.com\/formation\/wp-json\/wp\/v2\/comments?post=4348"}],"wp:attachment":[{"href":"https:\/\/sameleading.com\/formation\/wp-json\/wp\/v2\/media?parent=4348"}],"wp:term":[{"taxonomy":"product_brand","embeddable":true,"href":"https:\/\/sameleading.com\/formation\/wp-json\/wp\/v2\/product_brand?post=4348"},{"taxonomy":"product_cat","embeddable":true,"href":"https:\/\/sameleading.com\/formation\/wp-json\/wp\/v2\/product_cat?post=4348"},{"taxonomy":"product_tag","embeddable":true,"href":"https:\/\/sameleading.com\/formation\/wp-json\/wp\/v2\/product_tag?post=4348"}],"curies":[{"name":"wp","href":"https:\/\/api.w.org\/{rel}","templated":true}]}}