{"id":4562,"date":"2024-10-23T11:45:09","date_gmt":"2024-10-23T09:45:09","guid":{"rendered":"https:\/\/sameleading.com\/formation\/?post_type=product&#038;p=4562"},"modified":"2024-10-30T09:56:43","modified_gmt":"2024-10-30T08:56:43","slug":"japprends-a-utiliser-sage-100-gestion-commerciale-de-a-a-z","status":"publish","type":"product","link":"https:\/\/sameleading.com\/formation\/produit\/japprends-a-utiliser-sage-100-gestion-commerciale-de-a-a-z\/","title":{"rendered":"J&rsquo;APPRENDS \u00c0 UTILISER SAGE 100 GESTION COMMERCIALE DE A \u00c0 Z"},"content":{"rendered":"<p><strong>\ud835\udc0c\ud835\udc1a\ud835\udc22\ud835\udc2d\ud835\udc2b\ud835\udc22\ud835\udc2c\ud835\udc1e\ud835\udc2b \ud835\udc25&rsquo;int\u00e9gralit\u00e9 du processus d&rsquo;achat, vente et stockage \ud835\udc1d\ud835\udc1e \ud835\udc00 \ud835\udc1a\u0300 \ud835\udc19 \ud835\udc29\ud835\udc1a\ud835\udc2b \ud835\udc25\ud835\udc1a \ud835\udc29\ud835\udc2b\ud835\udc1a\ud835\udc2d\ud835\udc22\ud835\udc2a\ud835\udc2e\ud835\udc1e \ud835\udc1a\ud835\udc2f\ud835\udc1e\ud835\udc1c \ud835\udc12\ud835\udc1a\ud835\udc20\ud835\udc1e \ud835\udfcf\ud835\udfce\ud835\udfce gestion commerciale<\/strong><\/p>\n<p><img fetchpriority=\"high\" decoding=\"async\" class=\"aligncenter wp-image-4579 size-medium\" src=\"https:\/\/sameleading.com\/formation\/wp-content\/uploads\/2024\/10\/Table-de-matiere-GESCOM_1-600x600.jpg\" alt=\"\" width=\"600\" height=\"600\" \/> <img decoding=\"async\" class=\"aligncenter wp-image-4580 size-full\" src=\"https:\/\/sameleading.com\/formation\/wp-content\/uploads\/2024\/10\/Table-de-matiere-GESCOM_2-e1729685699270.jpg\" alt=\"\" width=\"793\" height=\"1115\" \/> <img decoding=\"async\" class=\"aligncenter wp-image-4581 size-full\" src=\"https:\/\/sameleading.com\/formation\/wp-content\/uploads\/2024\/10\/Table-de-matiere-GESCOM_3.jpg\" alt=\"\" width=\"794\" height=\"1123\" \/> <img loading=\"lazy\" decoding=\"async\" class=\"aligncenter wp-image-4582 size-full\" src=\"https:\/\/sameleading.com\/formation\/wp-content\/uploads\/2024\/10\/Table-de-matiere-GESCOM_4.jpg\" alt=\"\" width=\"794\" height=\"1123\" \/> <img loading=\"lazy\" decoding=\"async\" class=\"aligncenter wp-image-4583 size-full\" src=\"https:\/\/sameleading.com\/formation\/wp-content\/uploads\/2024\/10\/Table-de-matiere-GESCOM_5.jpg\" alt=\"\" width=\"794\" height=\"1123\" \/> <img loading=\"lazy\" decoding=\"async\" class=\"aligncenter wp-image-4584 size-full\" src=\"https:\/\/sameleading.com\/formation\/wp-content\/uploads\/2024\/10\/Table-de-matiere-GESCOM_6.jpg\" alt=\"\" width=\"794\" height=\"1123\" \/> <img loading=\"lazy\" decoding=\"async\" class=\"aligncenter wp-image-4585 size-full\" src=\"https:\/\/sameleading.com\/formation\/wp-content\/uploads\/2024\/10\/Table-de-matiere-GESCOM_7.jpg\" alt=\"\" width=\"794\" height=\"1123\" \/> <img loading=\"lazy\" decoding=\"async\" class=\"aligncenter wp-image-4586 size-full\" src=\"https:\/\/sameleading.com\/formation\/wp-content\/uploads\/2024\/10\/Table-de-matiere-GESCOM_8.jpg\" alt=\"\" width=\"794\" height=\"1123\" \/> <img loading=\"lazy\" decoding=\"async\" class=\"aligncenter wp-image-4587 size-full\" src=\"https:\/\/sameleading.com\/formation\/wp-content\/uploads\/2024\/10\/Table-de-matiere-GESCOM_9.jpg\" alt=\"\" width=\"794\" height=\"1123\" \/> <img loading=\"lazy\" decoding=\"async\" class=\"aligncenter wp-image-4588 size-full\" src=\"https:\/\/sameleading.com\/formation\/wp-content\/uploads\/2024\/10\/Table-de-matiere-GESCOM_10.jpg\" alt=\"\" width=\"794\" height=\"1123\" \/> <img loading=\"lazy\" decoding=\"async\" class=\"aligncenter wp-image-4589 size-full\" src=\"https:\/\/sameleading.com\/formation\/wp-content\/uploads\/2024\/10\/Table-de-matiere-GESCOM_11.jpg\" alt=\"\" width=\"794\" height=\"1123\" \/><\/p>\n<p>&nbsp;<\/p>\n<p><img loading=\"lazy\" decoding=\"async\" class=\"aligncenter wp-image-4590 size-full\" src=\"https:\/\/sameleading.com\/formation\/wp-content\/uploads\/2024\/10\/Table-de-matiere-GESCOM_12.jpg\" alt=\"\" width=\"794\" height=\"1123\" \/><\/p>\n<p>&nbsp;<\/p>\n<p><img loading=\"lazy\" decoding=\"async\" class=\"aligncenter wp-image-4591 size-full\" src=\"https:\/\/sameleading.com\/formation\/wp-content\/uploads\/2024\/10\/Table-de-matiere-GESCOM_13.jpg\" alt=\"\" width=\"794\" height=\"1123\" \/><\/p>\n<p><img loading=\"lazy\" decoding=\"async\" class=\"aligncenter wp-image-4592 size-full\" src=\"https:\/\/sameleading.com\/formation\/wp-content\/uploads\/2024\/10\/Table-de-matiere-GESCOM_14.jpg\" alt=\"\" width=\"794\" height=\"1123\" \/><\/p>\n","protected":false},"excerpt":{"rendered":"<p><strong>\ud835\udc0c\ud835\udc1a\ud835\udc22\ud835\udc2d\ud835\udc2b\ud835\udc22\ud835\udc2c\ud835\udc1e\ud835\udc2b \ud835\udc25&rsquo;int\u00e9gralit\u00e9 du processus d&rsquo;achat, vente et stockage \ud835\udc1d\ud835\udc1e \ud835\udc00 \ud835\udc1a\u0300 \ud835\udc19 \ud835\udc29\ud835\udc1a\ud835\udc2b \ud835\udc25\ud835\udc1a \ud835\udc29\ud835\udc2b\ud835\udc1a\ud835\udc2d\ud835\udc22\ud835\udc2a\ud835\udc2e\ud835\udc1e \ud835\udc1a\ud835\udc2f\ud835\udc1e\ud835\udc1c \ud835\udc12\ud835\udc1a\ud835\udc20\ud835\udc1e \ud835\udfcf\ud835\udfce\ud835\udfce gestion commerciale<\/strong><\/p>\n<p>80% des utilisateurs du sage 100 gestion commerciale ne maitrisent pas plus de 20% des fonctionnalit\u00e9s de celui-ci. Cela ne pouvait plus durer, gr\u00e2ce \u00e0 cet ouvrage, devenez expert dans la prise en main du logiciel Sage 100 gestion commerciale et affirmez vous en tant que gestionnaire certifi\u00e9.<\/p>\n<p>Cet ouvrage innovant et surtout pratique, r\u00e9unit toutes les cl\u00e9s pour g\u00e9rer de fa\u00e7on efficace dans une entreprise :<br \/>\n\u2022 La gestion de stock et approvisionnement<br \/>\n\u2022 La gestion de la chaine d&rsquo;achat et de vente<br \/>\n\u2022 La gestion du risque client et recouvrement des cr\u00e9ances<br \/>\n\u2022 La gestion des r\u00e8glements<br \/>\n\u2022 La gestion des livraisons<br \/>\n\u2022 La gestion des affaires<br \/>\n\u2022 Le traitement des factures par lot et abonnements<br \/>\n\u2022 Le traitement des inventaires<br \/>\n\u2022 La gestion des livraisons<br \/>\n\u2022 La gestion de la promotions<br \/>\n\u2022 La gestion des habilitations utilisateurs<br \/>\n\u2022 Analyse de l&rsquo;activit\u00e9 commerciale<\/p>\n","protected":false},"featured_media":0,"comment_status":"closed","ping_status":"closed","template":"","meta":[],"product_brand":[],"product_cat":[],"product_tag":[],"class_list":{"0":"post-4562","1":"product","2":"type-product","3":"status-publish","6":"first","7":"instock","8":"shipping-taxable","9":"product-type-simple"},"_links":{"self":[{"href":"https:\/\/sameleading.com\/formation\/wp-json\/wp\/v2\/product\/4562","targetHints":{"allow":["GET"]}}],"collection":[{"href":"https:\/\/sameleading.com\/formation\/wp-json\/wp\/v2\/product"}],"about":[{"href":"https:\/\/sameleading.com\/formation\/wp-json\/wp\/v2\/types\/product"}],"replies":[{"embeddable":true,"href":"https:\/\/sameleading.com\/formation\/wp-json\/wp\/v2\/comments?post=4562"}],"wp:attachment":[{"href":"https:\/\/sameleading.com\/formation\/wp-json\/wp\/v2\/media?parent=4562"}],"wp:term":[{"taxonomy":"product_brand","embeddable":true,"href":"https:\/\/sameleading.com\/formation\/wp-json\/wp\/v2\/product_brand?post=4562"},{"taxonomy":"product_cat","embeddable":true,"href":"https:\/\/sameleading.com\/formation\/wp-json\/wp\/v2\/product_cat?post=4562"},{"taxonomy":"product_tag","embeddable":true,"href":"https:\/\/sameleading.com\/formation\/wp-json\/wp\/v2\/product_tag?post=4562"}],"curies":[{"name":"wp","href":"https:\/\/api.w.org\/{rel}","templated":true}]}}